 c(l) = 18*l - 78. Let d be c(12). Suppose -4*y - 4*f + d = v, -2*y = -5*f - 39. List the prime factors of y.
3
Let s(u) be the first derivative of u**3/3 - 2*u**2 - 12*u + 6. What are the prime factors of s(-11)?
3, 17
Let q = -41 + 43. Suppose -282 = -5*k + c, -q*c = -k + 6*k - 291. What are the prime factors of k?
3, 19
Let x = 62 - 49. Let w(u) = u. Let n be w(-3). Let f = x + n. What are the prime factors of f?
2, 5
Let c be ((-16)/(-10))/(10/25). Suppose 4*k + 2*j = -28, -j - 2*j = c*k + 30. Let s(w) = -4*w - 14. What are the prime factors of s(k)?
2, 5
Let n be 230 - (-6 + 1 + 5). Suppose n = t + 19. What are the prime factors of t?
211
Let s = -100 - -165. Let j = 124 - s. List the prime factors of j.
59
Let i(k) = 7*k - 9. Let n be i(2). Suppose 70 = -2*g + 5*v + 167, -4*g - n*v = -269. List the prime factors of g.
61
Suppose 0 = -136*o + 112*o + 55176. What are the prime factors of o?
11, 19
Suppose 5*u = -5*g + 1975, -3*g + 6*g = 0. What are the prime factors of u?
5, 79
Let o(d) = 18*d + 14. List the prime factors of o(18).
2, 13
Let a = 74 + -47. Let j be (234/a)/((-4)/(-6)). Let y = 25 + j. What are the prime factors of y?
2, 19
Let n(p) = 20*p + 32. Let b be n(18). Let a = b + -189. What are the prime factors of a?
7, 29
Let z(j) = -j**2 - j + 5. Let g(v) = -v - 3. Let f be g(-9). Suppose 7*q = f*q. List the prime factors of z(q).
5
Let p(t) = 5*t - 4. Let z be p(8). Suppose -4*n - g - 48 = -6, 3*n = -3*g - z. Let u = n - -24. What are the prime factors of u?
2, 7
Suppose 3*t = 2*t + 101. Let a = t - 39. Suppose -2*y = -2*z - y + a, -5*z - 5*y + 185 = 0. List the prime factors of z.
3, 11
Let r(j) = 19*j - 2. Let h be (-2)/(72/(-172)) + 6/27. What are the prime factors of r(h)?
3, 31
Suppose -242 = -3*r + 2*r - y, -5*r + 1222 = y. What are the prime factors of r?
5, 7
Let z(g) = -84*g + 770. Let w(q) = 7*q - 64. Let o(c) = 35*w(c) + 3*z(c). What are the prime factors of o(-7)?
7, 17
Suppose 5*x - 107 = -27. Let z(g) = -3*g + 8. Let s be z(7). Let r = x - s. List the prime factors of r.
29
Suppose 0 = 4*v - 138 - 230. Let f = 136 - v. Let o = 63 - f. What are the prime factors of o?
19
Let c = 1158 + -691. Suppose 2*h - 797 = -4*j - 339, 5*h = -4*j + c. List the prime factors of j.
113
Suppose -5*i - 4*w + 1535 = 0, 2*i - 413 - 201 = 4*w. List the prime factors of i.
307
Suppose -5*q = -2*l - 9022, 4*l + 5402 = 2*q + q. List the prime factors of q.
2, 3, 7, 43
Suppose -l - 668 = -2*a, 3*a - 3*l + 1659 = 8*a. List the prime factors of a.
3, 37
What are the prime factors of -2*(-81)/(-18) + 1799?
2, 5, 179
Let o(j) = -84*j - 179. What are the prime factors of o(-10)?
661
Suppose 39*g = 43*g - 21488. What are the prime factors of g?
2, 17, 79
Suppose y = -5*k + 206, -26*k + 28*k = -10. List the prime factors of y.
3, 7, 11
Let n be 20/6*(-144)/(-15). Suppose 0 = 7*c - 375 + n. List the prime factors of c.
7
Suppose 3*v - 5 = 2*p, 3*p + 2*p + 50 = -5*v. What are the prime factors of ((21/(-6))/p)/(5/50)?
5
Let l be (3*8/(-30))/(12/(-30)). Suppose -n + 3 = l*o, -6*o + 4*o = -5*n + 15. What are the prime factors of n?
3
Let c(y) = 3*y**3 - 6*y**2 - 7*y - 2. Let l be c(5). Suppose 4*p - 2*i = -380, -p + 3*p + l = 2*i. What are the prime factors of ((-6)/4)/(18/p)?
2
Let d = 0 - -3. Suppose -d*l = -7*l + 12. Suppose l*k + 2*k - 30 = 0. What are the prime factors of k?
2, 3
Let k = -1175 + 2599. List the prime factors of k.
2, 89
Suppose 39528 = 16*w + 2*w. List the prime factors of w.
2, 3, 61
Let l be 0 - 1 - (-2 - 2). Let i(o) = -3*o - 13. Let d be i(-7). Suppose -p + 12 = -2*q, -p + 0*q = -l*q - d. What are the prime factors of p?
2, 5
Let f(u) = -11*u**2 - 3*u**3 + 5*u + 4*u**3 - 12 - 10. What are the prime factors of f(11)?
3, 11
Suppose -6 = -5*x - 26. Let o(j) = -j**3 + 8*j**2 + 15*j + 55. Let d be o(10). List the prime factors of x + d + -1 + 21.
3, 7
Let y(b) be the second derivative of 1/12*b**4 + 1/2*b**2 + 0*b**3 + 0 - 5*b. List the prime factors of y(-5).
2, 13
Suppose 2*q = 4*c - 2, -2 - 10 = -3*c - 2*q. Suppose 6*k = c*k. Suppose k*p - 88 = -4*p. What are the prime factors of p?
2, 11
Suppose 0*a + 3 = -3*a, -2*s + 5*a + 7 = 0. Let u(p) = -p. Let g be u(s). List the prime factors of (27/6)/(g/(-6)).
3
Let t be (0 - 2)*10/(-4). Suppose 2*d + 5*c = -0 - 11, -d - c = 1. Suppose d*f + 3*f - 3*b - 62 = 0, -30 = -f + t*b. List the prime factors of f.
2, 5
Let k(b) = b**3 + 7*b**2 - 18*b - 13. Let d be k(-9). Let h(p) = -5*p. What are the prime factors of h(d)?
5, 13
Suppose 65*j - 24186 - 128044 = 0. List the prime factors of j.
2, 1171
Suppose 0 = 7*c + 5*c - 29604. What are the prime factors of c?
2467
Suppose 3*p - g - 1 - 10 = 0, -p - g - 3 = 0. Suppose -3*k + 0*k + 2*i + 61 = 0, -27 = -k - i. Suppose p*y - 9 - k = 0. List the prime factors of y.
2
Suppose 4*o - 12 + 20 = 0. What are the prime factors of 27 + 2 + 6/o?
2, 13
Suppose x + 2*w = 50, 5*w - 146 = -0*x - 3*x. Suppose 2*d - 54 = x. List the prime factors of d.
2, 3
Let u(v) = -v**3 - v**2 + 4*v + 2. Suppose -3*s + 3*q = 3, -2*s + q = -5*s + 9. Suppose s*a = -a - 9. List the prime factors of u(a).
2
Suppose -49*s - 32224 = -57*s. What are the prime factors of s?
2, 19, 53
Let i(g) be the first derivative of -25*g**2/2 + 10*g + 17. List the prime factors of i(-4).
2, 5, 11
Suppose 0*x = -x + 5. Suppose 169 = x*b - 651. What are the prime factors of b?
2, 41
Let f(s) = -s + 2. Let k be -1 + -2 + -21 + 12. List the prime factors of f(k).
2, 7
Let s(w) = -7*w + 23 - 3*w - w - w**2. What are the prime factors of s(-12)?
11
Let n(s) = -s**3 + 13*s**2 - 16*s + 23. Let u be n(12). What are the prime factors of (-3990)/u + 1 + 9/(-15)?
2, 5
Let x = 578 - -168. What are the prime factors of x?
2, 373
Let m(c) = -c**2 + 13*c - 29. What are the prime factors of m(9)?
7
Let v = 132 + 86. Suppose -v = -2*z + 234. What are the prime factors of z?
2, 113
Suppose 4*r - 3373 = -3*o - 500, 0 = 3*o - 9. List the prime factors of r.
2, 179
Suppose 0 = 6*c - c - 120. Suppose -12 = -2*u - 2*o, -4*u - 2*o + c = u. Suppose 0 = m - 3, y + m - 38 = u*m. What are the prime factors of y?
47
List the prime factors of 7 + (80/8 - -257).
2, 137
Suppose -2*a + 5*o - 216 = -901, 342 = a - 3*o. List the prime factors of a.
3, 5, 23
Let y = -52 - -55. Suppose -154 = -y*f - x, 3*x - 2*x + 111 = 2*f. What are the prime factors of f?
53
Let d = 29 + 300. Let u = 474 - d. What are the prime factors of u?
5, 29
Suppose 4*i = 3*d - 202, -2*d - i - 278 = -6*d. Suppose 6*o + d = o. Let h = o - -62. What are the prime factors of h?
2, 3
Let w = 31 - 27. Suppose 0 = -6*i + w*i + 38. What are the prime factors of i?
19
Suppose -1787 - 987 = -2*v. What are the prime factors of v?
19, 73
Suppose 2*u + 370 = 4*x - x, -490 = -4*x + u. List the prime factors of x.
2, 61
Let v = -395 - -1360. What are the prime factors of v?
5, 193
Let a(q) = q + 135. What are the prime factors of a(18)?
3, 17
Suppose 7*w + 4*w = 16511. List the prime factors of w.
19, 79
Let v(o) be the third derivative of 0*o - 5/24*o**4 + 1/120*o**6 + 0 + 2/15*o**5 + 6*o**2 + 1/2*o**3. List the prime factors of v(-8).
43
Let r be (8/4)/(2/107). Suppose -5*i - r + 632 = 0. List the prime factors of i.
3, 5, 7
Suppose 8819 - 62599 = -20*j. List the prime factors of j.
2689
Suppose c - m = 462, 0 = -3*c + 7*c + 5*m - 1893. List the prime factors of c.
467
Let u(t) = t**2 + 8*t + 11. Let s be u(-7). Suppose -s*d + 168 = -d. List the prime factors of d.
2, 7
Suppose -x = -0*x - 16. Suppose 0 = 3*o - o - 3*g - 19, -o = -4*g - 2. Let r = x - o. List the prime factors of r.
2
Suppose 0 = 3*l - 23 - 7. Suppose 0 = -2*t - 3 + 9. Suppose -56 = -4*k + r - 5*r, t*r = k - l. What are the prime factors of k?
13
Suppose d - 99 - 370 = 0. What are the prime factors of d?
7, 67
Let v be 9/((-2)/(-9) + (-57)/(-108)). Suppose n + v - 70 = 0. List the prime factors of n.
2, 29
Suppose -3*j + 8*j = -145. Let f = j - -13. What are the prime factors of (-6 + (-3)/(-1))*f?
2, 3
Let h = -780 + 1371. Suppose 3*d - 3*m = h, -6*d - m = -3*d - 587. List the prime factors of d.
2, 7
Let z = 1136 + -493. Suppose 6*o - z = -181. List the prime factors of o.
7, 11
Suppose r = -9 + 13. Suppose -181 = -r*m - 3*w, 5*m - 237 = -3*w - 13. List the prime factors of m.
43
Let q = -42 